Let u(l) = -l**3 - 23*l**2 - 85*l + 1. Let t = -639 + 619. List the prime factors of u(t).
3, 167
Let z(b) = -19*b**3 + 2*b**2 + b + 4. Let c be z(-2). Suppose c = 2*w + 5*s, -4*w + 3*w + 83 = 3*s. Let n = w - -12. List the prime factors of n.
83
Let g(p) = -15 - 118*p + 27*p - 8. List the prime factors of g(-2).
3, 53
Let m be 8/44 - ((-6144)/(-33) + 1). Suppose -2*q - 275 = n, 3*q + 5*n - 2*n + 408 = 0. Let k = q - m. What are the prime factors of k?
2, 3
Let h(s) = -s**2 + 2*s + 14. Let a(f) = -f**2 + 3*f + 13. Let o be 84/(-98)*(-7 + 0). Let w(d) = o*h(d) - 7*a(d). List the prime factors of w(13).
3, 5
Let u(y) = 258*y**2 + 29*y + 1. List the prime factors of u(-1).
2, 5, 23
Suppose -21*s + 16*s + 12348 = x, -7*s + 4*x + 17298 = 0. What are the prime factors of s?
2, 5, 13, 19
Let a(l) = 5*l**2 - 16*l + 17. Let k be a(4). Suppose k*g + 15232 = 61*g. List the prime factors of g.
2, 17
What are the prime factors of (-2460)/(-18)*((-267)/(-15) - 1)?
2, 7, 41
Suppose -106*b + 109*b - 52575 = 0. List the prime factors of b.
5, 701
Suppose -2*s + 0*v = -4*v - 1202, -3*s + 5*v + 1799 = 0. Let x = 202 + s. What are the prime factors of x?
3, 5, 53
Let p be (-2)/((3/(-6))/1). Suppose -2*g = 6, -p*j = -2*j - 4*g - 104. List the prime factors of j.
2, 23
Let i be 1 + 2 - (-884)/17. Let l = 15 - i. Let q = l - -184. List the prime factors of q.
2, 3
Suppose -15 = i + 5*g, -5 + 4 = g. List the prime factors of 3 + 64/(-20) - 1552/i.
5, 31
Suppose -56*l + 54*l - 18 = 0. What are the prime factors of (l - -3) + (345 - 0)?
3, 113
Let b = -365 - -885. Suppose -b = 5*q - 2295. Let r = -213 + q. What are the prime factors of r?
2, 71
Suppose 0 = -1626*p + 1574*p + 402896. List the prime factors of p.
2, 13, 149
Let l = 159 - -2123. List the prime factors of l.
2, 7, 163
Let k = -232 + 234. List the prime factors of (-5918)/(-88)*(k - -2).
269
Let j(k) = k**3 - 24*k**2 + 23*k + 5. Let r = -34 - -57. Let c be j(r). Suppose 0 = -5*t + f + 865, 4*f - 25 = -c. List the prime factors of t.
2, 3, 29
Let f(k) = -k**3 + k**2 + 28. Let h be f(0). Suppose h = -16*n + 940. List the prime factors of n.
3, 19
Let j be (-2 - -1)/(1*(-5)/25). Suppose -3*r + 3 = 0, -26*r + 4252 = j*h - 29*r. List the prime factors of h.
23, 37
Let n(v) = v**3 - v**2 + v - 1. Let f(t) = -140*t**3 - 7*t + 0*t**2 + 2 + 4*t**2 + 4 + 4*t**2. Let m(q) = -f(q) - 6*n(q). What are the prime factors of m(1)?
7, 19
Let w be (1 - 5/(-2))/((-3)/(-6)). Let m(i) = -i**2 + 9*i - 9. Let p be m(w). Suppose 0 = -3*h - 0*h - 15, 2*v + p*h = 9. What are the prime factors of v?
17
Let f = -81 + 83. Suppose -2*j + f*b = -110, 140 - 34 = 2*j + 2*b. List the prime factors of j.
2, 3
Let g = 260 - 266. What are the prime factors of (-4)/(-12)*-241*g?
2, 241
Let z be (-22)/(-33)*153/6. Suppose -z*k = -6424 - 9862. What are the prime factors of k?
2, 479
Let b = -12 + 13. Let a(m) = m**3 - m**2 - m + 1. Let j be a(b). Suppose j = 3*t - 407 - 163. List the prime factors of t.
2, 5, 19
What are the prime factors of (-21 + 7 - (-11 - -4)) + 9624?
59, 163
Let k = -89 - -22. Let n = 41 + k. What are the prime factors of (3/2)/((-3)/n)?
13
Suppose 2*w + 55*k - 60*k = 41906, -44 = 11*k. What are the prime factors of w?
3, 13, 179
Let q(n) be the first derivative of -1/2*n**2 + 6*n - 3. List the prime factors of q(3).
3
Suppose 3*z = 2*l + 2*z - 3, -4*l + 5*z + 9 = 0. Let m be -3*l/4*-4 - 1. Suppose 2*q = -5*w + 507, -m*w + 10 = -0*w. What are the prime factors of q?
241
Let z = -27 + 32. Let m(a) = -a**2 + 14*a - 3. Let t(g) = g**2 - 9*g + 2. Let p(j) = z*m(j) + 8*t(j). List the prime factors of p(-5).
2, 43
Let u = -1811 + 3263. Suppose u = -6*x + 17*x. List the prime factors of x.
2, 3, 11
Let r(p) = 330*p**2 + 389*p - 63. List the prime factors of r(10).
7, 5261
Let s(j) = 82*j**3 + 12*j**2 + 3*j - 89. List the prime factors of s(8).
3, 17, 31
Let w = -94 + 50. Suppose -8*y = 43*y - 26*y - 4125. Let r = w + y. What are the prime factors of r?
11
List the prime factors of 20/(-2) + (53035 - -167).
2, 61, 109
Let j = -227 + 232. Suppose 594 = -j*w + 2734. List the prime factors of w.
2, 107
Let q = 855 - 462. What are the prime factors of q?
3, 131
What are the prime factors of 3*(7/126)/(6/36)*8149?
29, 281
Suppose -4*v - 5*q + 2*q + 877 = 0, 3*v - 663 = 3*q. List the prime factors of (-4)/22 + (-30)/v*-9454.
1289
What are the prime factors of (-4 - -8 - (9 - 8)) + 11412?
3, 5, 761
Suppose 167*b - 840502 = 64*b + 2188213. List the prime factors of b.
5, 5881
Let g = -19 - -25. Let z be (g - 1)*14/(-5). List the prime factors of (-214)/z - (-2)/(-7).
3, 5
Let x(v) = -16 + 11*v + 44*v - 4*v. List the prime factors of x(5).
239
What are the prime factors of (24/(-18)*(-432)/(-56))/(3/(-3262))?
2, 3, 233
Suppose 12*h + 0*h = -11*h + 3588. Let f = -178 - -491. Let m = f - h. What are the prime factors of m?
157
Suppose 6*v = 10*v - 20. Suppose 2*l - v*s = 5 - 18, 0 = -2*l - 3*s + 11. What are the prime factors of 16/(-6)*(-171)/12*l?
2, 19
Let w be 1 + 20 + (-9)/3. Let n(z) = 0 + w*z - 112*z - 7*z - 6. List the prime factors of n(-2).
2, 7
Let h be 4/(140/75) + 3/(-21). Suppose v - 5*v - h*j + 548 = 0, 0 = -v + 2*j + 127. List the prime factors of v.
3, 5
Suppose -10 = -8*v + 6. Suppose 0 = 4*r - 11 - 9, -3*u = -v*r + 427. Let x = 223 + u. List the prime factors of x.
2, 3, 7
Let q be (-506)/(-11) - 1*3. Let d = q + -43. Suppose d = -4*b - c + 538, b = -c + 91 + 42. List the prime factors of b.
3, 5
List the prime factors of ((0 + -10)*86)/((-581)/(-28) + -21).
2, 5, 43
Suppose -3*p + 39693 = -f, 8*p - 25*f + 26*f - 105848 = 0. List the prime factors of p.
101, 131
Let w be 2 - ((-25)/(-15) - (-1)/3). What are the prime factors of (2/(w - -2))/1 + 326?
3, 109
Let g(i) = 3*i**2 - 1. Let l be g(-1). Suppose -5*u - l*y - 25 = -7*y, 4*u = -3*y - 41. List the prime factors of 108 + ((-2)/(-8) - 22/u).
3, 37
Let h = 4340 - 2885. Suppose -2*p - 3*m + 579 = -2*m, h = 5*p - 5*m. What are the prime factors of p?
2, 5, 29
Let y(t) = 15 - t**2 - 6*t + 4 - t**3 + 17 - 8 - 4*t**2. List the prime factors of y(-9).
2, 7, 29
Suppose 10*f - 11*f = 2. Let k be (f/(-3))/(1 + 2/(-6)). List the prime factors of (k/(-3))/((-8)/984).
41
Suppose 3*l = -2*h + 5, 4*h - 50 = -2*l + 4*l. Let s be (-3 + (3 - (-2 - 1)))*h. What are the prime factors of (-11)/11*(-2 - s)?
2
Suppose -p + 2*c + 703 = -388, 0 = 3*p - 4*c - 3271. What are the prime factors of p?
3, 11
Let t(q) = -18225*q + 1486. List the prime factors of t(-4).
2, 13, 2861
Suppose 32*x - 99123 = -10547. List the prime factors of x.
2, 173
Suppose 44*q = 26*q - 126. Let o(k) = -115*k + 272. List the prime factors of o(q).
3, 359
Let p be 24/(-40) + 344/(-10). Let a(c) = 8*c**2 + 5*c - 19. Let y be a(3). Let o = p + y. List the prime factors of o.
3, 11
Let t = 126313 + -78644. What are the prime factors of t?
73, 653
Let i be 2/(1/29*-1). Let s = -26 - i. Suppose -3*l + 60 = r, 5*r + s = 4*l + 370. What are the prime factors of r?
2, 3, 11
Suppose 3*w - 40313 = 4*a, -22*w - 26915 = -24*w - 3*a. List the prime factors of w.
7, 17, 113
Let b = -1770 + 1224. List the prime factors of 3/(-5) + (b/(-10) - 2).
2, 13
Let c(k) = -24*k**3 - 7*k**2 + 9*k - 21. Let o(l) = -36*l**3 - 11*l**2 + 13*l - 32. Let w(f) = -8*c(f) + 5*o(f). What are the prime factors of w(2)?
2, 47
Let b be 7 - (5 + (0 - 1)). Let x(p) = -2 + 75*p - p**b - 76*p + 16*p**3. What are the prime factors of x(2)?
2, 29
Suppose s = -r + 4430, -3*s - 9832 = -3*r + 3476. List the prime factors of r.
11, 13, 31
Suppose 6906 = 22*h - 65430. List the prime factors of h.
2, 3, 137
Suppose -4*y = -3*r - 11518 + 86202, r - 24868 = -4*y. What are the prime factors of r?
2, 3, 17, 61
Suppose 36*x - 32*x - 1962 = 2*q, -4*q = -4. What are the prime factors of x?
491
Suppose 3*u + 2 = 14. Suppose 498 = b - u*o, 2*b + o - 3*o - 996 = 0. List the prime factors of b.
2, 3, 83
Let c(t) be the first derivative of 21*t**2/2 - 82*t - 46. List the prime factors of c(22).
2, 5, 19
Let i(d) = -45*d - 16. Let c(y) = 91*y + 33. Suppose -154 = -8*n - 6*n. Let q(g) = n*i(g) + 6*c(g). List the prime factors of q(5).
277
Let w = -64 - -234. Suppose 46*q = 44*q + w. List the prime factors of q.
5, 17
Suppose 3*p = 5*m, 0 = -0*p - 5*p - m. Suppose 7*t + 5*t - 4704 = p